1 (base 12) in base 6?
-21
Convert -10 (base 6) to base 3.
-20
What is 0 (base 11) in base 2?
0
What is -41 (base 8) in base 16?
-21
22022 (base 3) to base 8
340
Convert 24 (base 16) to base 10.
36
Convert -1 (base 11) to base 2.
-1
What is 4 (base 9) in base 8?
4
150 (base 7) to base 10
84
-19 (base 12) to base 2
-10101
What is -10 (base 2) in base 15?
-2
Convert 232 (base 4) to base 14.
34
What is -18 (base 9) in base 12?
-15
What is -1 (base 10) in base 11?
-1
Convert -142 (base 5) to base 8.
-57
Convert a6 (base 12) to base 10.
126
0 (base 4) to base 10
0
What is 159 (base 15) in base 9?
373
Convert 59 (base 10) to base 9.
65
What is -100 (base 2) in base 4?
-10
3 (base 16) to base 3
10
Convert 31 (base 11) to base 8.
42
-28 (base 9) to base 4
-122
What is 9 (base 12) in base 7?
12
-303 (base 5) to base 3
-2220
4 (base 13) to base 15
4
What is -21 (base 11) in base 13?
-1a
What is 2 (base 5) in base 9?
2
Convert 6 (base 10) to base 7.
6
What is -1 (base 16) in base 5?
-1
143 (base 6) to base 5
223
Convert 0 (base 11) to base 12.
0
Convert -31 (base 9) to base 2.
-11100
Convert -11 (base 4) to base 11.
-5
What is -11 (base 2) in base 16?
-3
What is 3 (base 7) in base 9?
3
-4 (base 15) to base 14
-4
What is 3 (base 13) in base 7?
3
What is -13 (base 12) in base 16?
-f
20 (base 10) to base 16
14
Convert 4 (base 6) to base 14.
4
1 (base 12) to base 14
1
Convert 1 (base 7) to base 8.
1
10111 (base 2) to base 11
21
What is -345 (base 6) in base 11?
-115
14 (base 13) to base 6
25
Convert 7 (base 15) to base 16.
7
7 (base 16) to base 14
7
Convert 9 (base 15) to base 10.
9
Convert 4 (base 11) to base 6.
4
-3 (base 5) to base 13
-3
-35 (base 6) to base 4
-113
What is 12 (base 15) in base 16?
11
What is 60 (base 15) in base 12?
76
Convert -80 (base 16) to base 7.
-242
-46 (base 13) to base 11
-53
What is 23 (base 7) in base 4?
101
-4 (base 10) to base 13
-4
-1203 (base 6) to base 12
-203
2 (base 8) to base 6
2
Convert -11010 (base 2) to base 10.
-26
-4 (base 8) to base 2
-100
What is 0 (base 5) in base 7?
0
1 (base 11) to base 3
1
What is -3 (base 6) in base 11?
-3
3b (base 14) to base 16
35
Convert 8 (base 11) to base 16.
8
Convert -1 (base 4) to base 12.
-1
11 (base 3) to base 7
4
-2021 (base 5) to base 4
-10011
Convert -142 (base 15) to base 4.
-10133
Convert -1 (base 13) to base 9.
-1
Convert -111 (base 16) to base 2.
-100010001
Convert -241 (base 6) to base 13.
-76
What is -36 (base 11) in base 2?
-100111
Convert -1000101 (base 2) to base 10.
-69
Convert -15 (base 15) to base 5.
-40
Convert -443 (base 6) to base 13.
-102
What is 4 (base 14) in base 10?
4
-30 (base 8) to base 10
-24
Convert 1 (base 12) to base 16.
1
Convert -10011 (base 2) to base 14.
-15
Convert -1e (base 16) to base 8.
-36
-18 (base 9) to base 11
-16
Convert 6 (base 11) to base 10.
6
5 (base 7) to base 4
11
-3 (base 15) to base 9
-3
87 (base 14) to base 15
7e
What is -a (base 12) in base 11?
-a
Convert -144 (base 7) to base 10.
-81
What is 79 (base 16) in base 14?
89
What is 11220 (base 3) in base 7?
246
3 (base 15) to base 12
3
Convert -5 (base 15) to base 16.
-5
Convert 43 (base 6) to base 16.
1b
40 (base 9) to base 10
36
What is 1100 (base 2) in base 14?
c
14 (base 14) to base 12
16
1100001 (base 2) to base 6
241
What is -4 (base 14) in base 15?
-4
112 (base 3) to base 14
10
What is -104 (base 5) in base 12?
-25
-2 (base 6) to base 15
-2
40 (base 5) to base 16
14
3 (base 8) to base 16
3
4 (base 13) to base 11
4
What is 101011 (base 2) in base 6?
111
-10 (base 16) to base 5
-31
What is -3 (base 4) in base 10?
-3
-40 (base 10) to base 2
-101000
What is 4 (base 7) in base 9?
4
-22 (base 4) to base 2
-1010
-456 (base 8) to base 7
-611
-1 (base 9) to base 3
-1
-7 (base 15) to base 10
-7
What is -3 (base 15) in base 3?
-10
Convert -5 (base 14) to base 10.
-5
Convert 24 (base 8) to base 3.
202
Convert 1b (base 15) to base 6.
42
36 (base 9) to base 6
53
What is 3 (base 6) in base 8?
3
Convert 10110 (base 3) to base 10.
93
Convert -2 (base 6) to base 9.
-2
-7 (base 9) to base 6
-11
-101010 (base 2) to base 13
-33
What is 38 (base 15) in base 3?
1222
What is -33 (base 11) in base 13?
-2a
Convert -30 (base 6) to base 7.
-24
7 (base 10) to base 14
7
Convert -11 (base 10) to base 16.
-b
Convert 0 (base 10) to base 9.
0
Convert 12 (base 3) to base 16.
5
What is 4 (base 11) in base 3?
11
-3 (base 14) to base 2
-11
22 (base 7) to base 16
10
Convert 10001 (base 2) to base 9.
18
What is -142 (base 6) in base 10?
-62
-4 (base 5) to base 4
-10
What is 42 (base 9) in base 16?
26
Convert -4 (base 7) to base 12.
-4
-1100 (base 2) to base 7
-15
-2023 (base 4) to base 10
-139
What is 8 (base 9) in base 5?
13
1d (base 15) to base 7
40
-13 (base 9) to base 4
-30
What is -52 (base 10) in base 6?
-124
d1 (base 16) to base 11
180
Convert -113 (base 6) to base 13.
-36
Convert 115 (base 15) to base 10.
245
What is 0 (base 8) in base 7?
0
Convert -42 (base 10) to base 15.
-2c
Convert 12 (base 9) to base 6.
15
-37 (base 11) to base 8
-50
What is -64 (base 7) in base 16?
-2e
What is -e (base 16) in base 2?
-1110
1131 (base 4) to base 15
63
3 (base 13) to base 3
10
Convert -1100 (base 2) to base 15.
-c
What is -4 (base 13) in base 5?
-4
Convert -45 (base 10) to base 3.
-1200
Convert -47 (base 8) to base 15.
-29
3 (base 8) to base 9
3
What is -12 (base 5) in base 15?
-7
6 (base 13) to base 14
6
128 (base 12) to base 8
260
What is -16 (base 9) in base 2?
-1111
101001 (base 2) to base 9
45
-7 (base 11) to base 5
-12
Convert 1331 (base 4) to base 7.
236
Convert 630 (base 7) to base 8.
473
What is -3 (base 16) in base 8?
-3
Convert 9 (base 13) to base 6.
13
100 (base 2) to base 5
4
-222 (base 4) to base 7
-60
What is 3 (base 7) in base 6?
3
Convert -131 (base 10) to base 14.
-95
What is -102 (base 14) in base 6?
-530
220 (base 3) to base 13
1b
What is 2 (base 9) in base 4?
2
Convert 195 (base 14) to base 11.
278
Convert 22 (base 6) to base 5.
24
-402 (base 6) to base 8
-222
10 (base 4) to base 12
4
61 (base 7) to base 13
34
What is 3 (base 9) in base 12?
3
Convert 3 (base 4) to base 9.
3
-322 (base 4) to base 10
-58
What is -85 (base 16) in base 7?
-250
Convert 121 (base 8) to base 4.
1101
What is -4 (base 13) in base 16?
-4
-2 (base 5) to base 9
-2
122 (base 7) to base 12
55
-29 (base 15) to base 13
-30
What is -2110 (base 3) in base 9?
-73
What is -1 (base 11) in base 5?
-1
10 (base 16) to base 9
17
Convert 100 (base 2) to base 6.
4
What is -62 (base 7) in base 16?
-2c
What is 3 (base 12) in base 16?
3
-17 (base 16) to base 13
-1a
What is -a6 (base 11) in base 13?
-8c
Convert -1 (base 13) to base 5.
-1
-142 (base 7) to base 15
-54
133 (base 5) to base 2
101011
Convert -230 (base 4) to base 6.
-112
What is 13 (base 12) in base 9?
16
a8 (base 15) to base 7
314
-12 (base 10) to base 7
-15
What is -14 (base 7) in base 2?
-1011
12 (base 6) to base 10
8
What is 1 (base 14) in base 16?
1
Convert 3 (base 15) to base 13.
3
Convert 14 (base 10) to base 16.
e
Convert 0 (base 14) to base 11.
0
d (base 14) to base 8
15
What is 111 (base 8) in base 15?
4d
What is -40 (base 11) in base 5?
-134
Convert 1001100 (base 2) to base 7.
136
Convert -7 (base 9) to base 11.
-7
What is 142 (base 7) in base 14?
59
0 (base 7) to base 11
0
What is -3 (base 16) in base 13?
-3
-1131 (base 6) to base 7
-535
Convert -5 (base 9) to base 8.
-5
0 (base 14) to base 2
0
What is -3 (base 11) in base 15?
-3
What is 0 (base 9) in base 7?
0
Convert 19 (base 11) to base 3.
202
-6 (base 8) to base 13
-6
a (base 12) to base 3
101
Convert 3 (base 6) to base 12.
3
What is -45 (base 7) in base 2?
-100001
Convert 2 (base 3) to base 10.
2
What is 11 (base 7) in base 2?
1000
Convert 4 (base 11) to base 15.
4
100110001 (base 2) to base 8
461
2 (base 11) to base 16
2
What is 112 (base 4) in base 9?
24
Convert 73 (base 10) to base 13.
58
What is -205 (base 8) in base 11?
-111
-31 (base 7) to base 3
-211
What is 10 (base 5) in base 10?
5
-10 (base 2) to base 15
-2
101 (base 2) to base 4
11
221 (base 4) to base 2
101001
Convert -40 (base 6) to base 4.
-120
What is -2 (base 7) in base 10?
-2
Convert -7 (base 12) to base 13.
-7
Convert 0 (base 15) to base 2.
0
-10 (base 6) to base 4
-12
21 (base 3) to base 16
7
Convert 3 (base 8) to base 3.
10
What is -1 (base 7) i